ppose -b*s - 3*s + 125 = f. What is the remainder when 97 is divided by s?
22
Suppose 657*o = 659*o - 338. What is the remainder when o is divided by 52?
13
Calculate the remainder when 16*(231/12 - 9) is divided by 83.
81
Let w(z) = 3*z + 1. Let s be w(2). Let x = s + 17. What is the remainder when x is divided by 198/15 - 2/10?
11
Suppose 0 = 32*v + 12 - 44. Suppose -11 = 4*t - 5*y + 2, 34 = 3*t + 5*y. What is the remainder when t is divided by v?
0
Let l(r) = 2*r**2 + 17*r - 64. Calculate the remainder when (-3)/4 - (-834)/24 is divided by l(3).
4
Let z = 2 - 1. Let x = z - -3. What is the remainder when (16 - -3)*(6/10 + (-28)/(-70)) is divided by x?
3
Let u = 25 - 8. Suppose 5*d + 4*v = 265, -2*d = 3*v - 89 - 24. Calculate the remainder when d is divided by u.
15
Suppose 2*k + o + 70 = -2*k, -5*k = -3*o + 79. Let l = k + 34. What is the remainder when 31 is divided by l?
14
Suppose 8 = 2*v - 0. Suppose 3*c = -2*l + 187, 2*l = -4*c + v*l + 240. What is the remainder when c is divided by 21 + 0*(-3)/6?
19
Let q be 88/(-6)*6/4. Let a = -1 - q. Let c = -3 + 7. Calculate the remainder when a is divided by c.
1
Suppose j + 6 = 5*j + 2*b, j = -b. Let g = -255 - -259. Calculate the remainder when 43 is divided by ((g - j)*23)/1.
20
Let b(w) = 51*w**2 + w. Suppose 5*v - 139 = v + 5*l, 2*l = -3*v + 133. Suppose -v = 5*c - 126. Calculate the remainder when b(-1) is divided by c.
16
Suppose -l = -10 - 12. Suppose 4*y + 4*h + 101 = h, -5*h - 62 = 3*y. Let s = y + 116. What is the remainder when s is divided by l?
21
Suppose 2*m - 371 = 5*r, 3*m - 7*m - 3*r = -807. Calculate the remainder when m is divided by 50.
48
Suppose 3*i + 92 = 7*i. Let o be 2/7 + 20/28. Let j = 7 - o. Calculate the remainder when i is divided by j.
5
Suppose -3*c + 181 = -5*g, -3*c = -3*g - 0*g - 189. What is the remainder when 199 is divided by c?
65
Let g(k) = -k**3 + 10*k**2 + 25*k - 10. Let y be g(12). Suppose -y*l - n - 4*n = -51, 5*n - 89 = -3*l. What is the remainder when l is divided by 8?
6
Suppose -2*p + 29 = 13. Suppose 140 = -p*y + 508. What is the remainder when y is divided by 2/(-11) - (-134)/11?
10
Let g be 9/(-45) + 102/10. Suppose 6*a - 3*a - 3*z + 6 = 0, -3*z + g = -4*a. Calculate the remainder when 255/20 - 1/a is divided by 7.
6
Let l(x) = -3*x - 14. What is the remainder when 587 is divided by l(-21)?
48
Let h = -232 - -442. Let r = 193 - 58. Suppose 4*n = 4*k - 348, h = 4*k - 5*n - r. What is the remainder when k is divided by 31?
28
Suppose -16*k = 82*k - 8134. Suppose 20 - 146 = -3*i. Calculate the remainder when k is divided by i.
41
Let k = -177 - -264. Let a = -44 + k. What is the remainder when a is divided by 12?
7
Suppose -3*k - 12*v + 109 = -14*v, -5*v + 5 = 0. Calculate the remainder when 83 is divided by k.
9
Suppose 5*f - 2*f = 3*o + 99, -4*o + 147 = 5*f. What is the remainder when 60 is divided by f?
29
What is the remainder when 299 is divided by (-60)/35 - -2 - 832/(-28)?
29
Suppose 41 = 8*b - 103. What is the remainder when 58 is divided by b?
4
Let z = 482 + -478. Suppose 0 = l + 5*h + 10 + 13, 0 = 4*l - 2*h - 18. What is the remainder when 3/l*(-16)/(-3) is divided by z?
0
Let g(l) = -5*l + 29. Let b be g(5). Let x(d) = 103*d**2 + d. Let n be x(1). Suppose 0*i + n = b*i. Calculate the remainder when i is divided by 14.
12
Let j(y) = 11*y - 180. What is the remainder when 72 is divided by j(18)?
0
Suppose -5*y + 3*m = -23, 0*y = y + 2*m - 2. Let d = -35 - -37. Calculate the remainder when y is divided by d.
0
Calculate the remainder when (-1 - (-35)/7) + 18 is divided by 3.
1
Let z(m) = m**2 - 2*m - 11. Let f be z(5). Let p = 8 - 6. Suppose f*t - p*t = 58. What is the remainder when t is divided by 10?
9
Suppose 4*h - 162 = -i, 2*i + 3*i - 826 = -4*h. What is the remainder when i is divided by 8?
6
Suppose 3*m + 3*h - 3 = 0, 3*m - 24 = -48*h + 52*h. Let u = 41 - 2. Suppose -m*t + t = -u. What is the remainder when 25 is divided by t?
12
Suppose 0 = 157*g - 187*g + 4950. Calculate the remainder when g is divided by 54.
3
Suppose -13*h + 888 = -7900. Calculate the remainder when h is divided by 36.
28
Suppose -3*t + 136 = t. What is the remainder when t is divided by (1*(-6)/(-9))/((-96)/(-3312))?
11
Let w = 77 - 60. Suppose -5*t + 30 = -0*t. What is the remainder when w is divided by t?
5
What is the remainder when (-21)/(-35)*5*25 is divided by 38?
37
Suppose 12*v - 58 - 38 = 0. Let j be -5 + 2*3/(-6). Let m(t) = t**2 - 2*t + 7. What is the remainder when m(j) is divided by v?
7
Calculate the remainder when 382 is divided by 44 + (-72)/(-2 + 10).
32
Let j(b) = -3*b**3 - 8*b**2 - 6*b + 4. Suppose 2*z + 2*z - 52 = 0. Calculate the remainder when z is divided by j(-2).
5
Let f = 2239 + -2142. What is the remainder when 193 is divided by f?
96
Suppose 14 + 613 = 3*y. Suppose -480 = -4*i - 12*i. What is the remainder when y is divided by i?
29
Suppose -5*w + 22*s = 27*s - 255, 4*s = -3*w + 153. Calculate the remainder when w is divided by 7.
2
Let o = 427 + -387. What is the remainder when 439 is divided by o?
39
Suppose 2*z - 1 = -1. What is the remainder when (32 + z)/((-20)/(-100)) is divided by 23?
22
Suppose 31*q - 74*q + 2709 = 0. What is the remainder when q is divided by 23?
17
Let c be (-20)/(-9) - (-6)/(-27). Suppose -v - 9 = -c*v. Suppose 8*b - v*b = -13. Calculate the remainder when 38 is divided by b.
12
What is the remainder when 76 + 4/(-8)*6 is divided by 4/(-12) + (-116)/(-6)?
16
Suppose -5*b + 5*r = -b - 59, -2*b - 2*r = -34. Let x be 14/(b/(-10) + 2). Suppose 0*t = 5*t - x. Calculate the remainder when 16 is divided by t.
2
Suppose 0 = -5*u + 1 + 24. Suppose -65 = -u*s + 3*v, 0*v + v = 5. What is the remainder when s is divided by (-294)/14*(-4)/14?
4
Suppose 1 = j - 3. Suppose g - j*o + 11 = 2*g, 5*g - 55 = -5*o. What is the remainder when (-2)/6 + (-889)/(-21) is divided by g?
9
Let b = 2611 + -2482. What is the remainder when 384 is divided by b?
126
What is the remainder when 17 is divided by -5 + -1 + -2 + 15?
3
Let x(h) = h**3 + 17*h**2 + 14*h - 11. Let i(b) = -b**2 - 5*b + 8. Let c be i(3). Calculate the remainder when 40 is divided by x(c).
19
Let f = -2057 - -2739. What is the remainder when f is divided by 28?
10
Let v be (-2)/((-8)/(-62))*2. Let m be 92/(-28) - (-14)/49. Let s = m - v. Calculate the remainder when s is divided by 15.
13
Let n be (-1 - -8) + (1 - 3). Let p(q) = q**3 - 4*q**2 + q. What is the remainder when p(n) is divided by 11?
8
Suppose 0 = -2*k + 98 + 20. Calculate the remainder when 289 is divided by k.
53
What is the remainder when 4 - (10 + -9 + -104) is divided by 56?
51
Let v(b) = -b**3 + 2*b**2 - 2. Let y be v(4). Let l = -13 - y. Calculate the remainder when ((-20)/(-30))/(2/186) is divided by l.
20
Let x(f) = f**3 - 3*f + 4*f**2 + 11 - f - 6. Let v = -8 - -16. What is the remainder when x(-4) is divided by v?
5
Let x be (-10 + 11)*(3 - (2 - 2)). Suppose -d + 4*f + 51 = 0, d - 3*f - 178 = -x*d. What is the remainder when d is divided by 16?
11
Calculate the remainder when 21 is divided by (16/64)/((-2)/(-88)).
10
Let n(y) = 2*y**2 + 2*y - 10. Let g be n(-15). Suppose 4*x + 4*z = z + 329, 5*x = -4*z + g. Calculate the remainder when x is divided by 29.
28
Suppose -15 = -4*r + 17. Let t = 5 - r. Let s = 4 + t. Calculate the remainder when s is divided by 1.
0
Suppose 5*r = -g + 27 + 3, 99 = 2*g - 3*r. Suppose 0 = -5*t + 20 + g. Let w = 84 + -33. What is the remainder when w is divided by t?
12
Suppose -6 = 3*t - 4*d - 84, 5*d + 15 = 0. Let i = t + -8. Calculate the remainder when i is divided by 3.
2
Let s(b) = 4*b**3 - b**2 - 16. Calculate the remainder when s(6) is divided by 74.
72
Let t be (4/(-20) - 1)*10. Let p = -23 + 16. What is the remainder when -5*p/((-21)/t) is divided by 7?
6
Suppose 4*c + 2*s = 4*s - 50, 3*c = 4*s - 50. Let y(m) = m + 13. What is the remainder when 10 is divided by y(c)?
1
Suppose -2*m - 15 = 5*z, 5*m - 6 = z + z. What is the remainder when 678/15 + z/15 is divided by 13?
6
Let g = -179 - -379. Calculate the remainder when g is divided by 67.
66
Calculate the remainder when (-13)/(65/(-10)) + 336/7 is divided by 18.
14
Calculate the remainder when 96/(2 - -6) + 0 is divided by 11.
1
Let o = 3 - 1. Suppose -2*l + 8 = 4*i, 0*l = -o*l + i + 13. Calculate the